(-2 - 2 - -2) + (-3 - 0)
-5
Evaluate -6 + 4 + 8 - 3.
3
Calculate -1 + 2 - -1 - (1 + -3).
4
Calculate 4 + (-5 - 0) - 2.
-3
What is 1 + 0 + 2 + 1?
4
-2 - (-2 + (-4 - -2) - 2)
4
Calculate -2 + -1 + (19 - 14).
2
Calculate 1 + ((4 - 9) + 3 - -3).
2
What is the value of -13 + 4 + 4 + 2?
-3
What is -11 + (-4 - -14) - -12?
11
Evaluate -7 + 11 - (-5 - -4).
5
Evaluate 3 + -3 + -1 + (-5 - -9).
3
What is the value of -4 - ((-1 - -5) + -9 + -5)?
6
What is the value of 6 - -1 - (-42 + 43)?
6
Evaluate -1 + -3 + (-9 - -14).
1
Calculate 10 + -1 + -6 + 11 - 6.
8
What is the value of -8 - (-5 + (3 - 2))?
-4
Evaluate (8 - 0) + -1 + -3.
4
Evaluate 6 - (-6 - -11) - (1 - 5).
5
Evaluate 3 - -1 - (5 - (-2 - -3)).
0
Evaluate 9 - (18 + -7 - -2).
-4
-3 + -1 - (2 - 4) - -6
4
Evaluate -1 - -3 - (-1 + 5).
-2
1 + 6 + -3 + -9
-5
Calculate -2 + 3 + 0 - (-23 - -30).
-6
Evaluate -15 + 10 + 11 + 1 + -9.
-2
What is 4 + 3 + (-7 - (0 + -3))?
3
What is (7 - 0) + -5 - 1?
1
5 - 0 - (-5 - (3 + -6))
7
Evaluate -3 + 0 + 4 - (1 + -2).
2
Evaluate (5 - (0 - -3)) + (-3 - -1).
0
Calculate 0 + (-5 - -6) + 4.
5
-35 + 35 - (8 + -2)
-6
Calculate 0 + 8 + -1 + -13.
-6
What is the value of (-1 + -2 - (-3 + 5)) + 7?
2
-3 + -4 + 6 + -3
-4
What is 2 + -3 + 3 - (7 - 1)?
-4
0 - -9 - (-45 + 49)
5
What is 4 - -1 - (26 - 13 - 13)?
5
Calculate 4 + -1 - 6 - (1 - 5).
1
What is the value of (99 - 91) + -2 + (-13 - 1)?
-8
What is -7 - (0 + (-4 - (-4 + 5)))?
-2
What is the value of 6 + -7 - (0 - (0 + -1))?
-2
Evaluate 6 + -4 + -7 - -4.
-1
What is the value of 9 + -10 + 5 + -1?
3
Evaluate -41 - -39 - (1 - 5).
2
What is the value of 10 - (9 + -13) - 6?
8
What is (-3 - (-4 + 1)) + -4?
-4
-16 + 8 - (-5 + -2)
-1
Evaluate 0 + 5 - (5 - (-6 - -13)).
7
Evaluate (-36 - -45) + (-8 - -1).
2
Calculate 10 - (8 - 8 - -4).
6
4 + 2 - (-1 + 2 - -2)
3
Calculate -6 + 1 + 6 - 6.
-5
What is -3 + 4 + (20 - 28)?
-7
What is 40 + -53 + 16 + -1?
2
What is the value of 0 + (3 - 3 - (7 - 2))?
-5
What is -5 + 12 - (2 + -1 + -1)?
7
Calculate -1 - (-12 - -6) - 1.
4
What is the value of (-1 - (-7 + 5)) + -2?
-1
Evaluate 2 - (-5 + (4 - -2)).
1
What is the value of 9 - 15 - (-11 + 2 - -1)?
2
Calculate 2 + (-1 - -1) - (104 + -107).
5
What is the value of 5 - (-3 - -15 - 2)?
-5
What is 10 + -9 + 2 + (-2 - -3)?
4
What is the value of -7 + -4 + 18 + -7 + -3?
-3
Evaluate (-2 - (-9 + 3)) + (9 - 17).
-4
What is the value of -1 - 3 - (-9 + (2 - -2))?
1
4 + -5 - (-1 + 1)
-1
What is -7 + 3 + -3 + (7 - 5)?
-5
2 - (2 + (-3 - -8 - 3))
-2
Evaluate (-5 - -13) + -34 + 18.
-8
Evaluate -7 + -5 + 12 + -3.
-3
What is the value of 4 + -6 + -3 - (-4 + 2)?
-3
What is (5 - 1) + (-3 - 0) + 0?
1
Evaluate 2 + -3 + -6 + 10 - 1.
2
Evaluate 5 + -4 + 1 - 7 - -3.
-2
3 + -1 + 6 + -4 - 2
2
What is 0 - -1 - (-13 - -13)?
1
What is (128 - 122) + -2 + 1 + 1?
6
What is the value of -1 - (3 + -3 - (-2 - -5))?
2
What is (2 - (6 - 2)) + -5 + 7?
0
What is -1 - -2 - (6 - 5 - -4)?
-4
What is the value of 0 + 4 - (13 + -11)?
2
Calculate 1 + -1 + -1 + -7 + 4.
-4
-5 + (-7 - ((-3 - 8) + -5))
4
What is the value of 1 + 3 - (-1 + (5 - 7))?
7
What is the value of (-3 - -2) + -2 + 3 + 0?
0
Calculate -1 - (8 - (2 - 2)).
-9
-1 + -2 - (-17 + 11 + -1)
4
Evaluate (-4 - -10) + 5 + -7.
4
What is (12 - (9 + -8)) + -7?
4
Calculate -5 + (9 - 3) - -1.
2
What is the value of -22 + 10 + (3 - -5)?
-4
Calculate -17 + 19 + -8 - (-2 - 1).
-3
What is -3 + 1 + (1 + -3 - -5)?
1
-244 - -232 - (1 - 18)
5
-4 - (3 + (-3 - 3 - 1))
0
Calculate (11 - 14 - (4 + 1)) + 2.
-6
What is (8 + -3 - 3) + -2 + -4?
-4
Calculate (-2 - 0 - 0) + -3.
-5
Evaluate 0 - (6 + -2 + (-1 - -2)).
-5
4 + -2 + -4 + -2 + 2
-2
Calculate (6 - (5 - (5 - 1))) + -7.
-2
What is the value of -5 - (0 - 3) - 4 - -4?
-2
Evaluate -2 - 8 - (6 + -7).
-9
Calculate 0 + -3 + -9 + 6.
-6
Calculate 0 - -1 - (-13 + 14).
0
What is 14 + -12 + -2 + -2 + -4?
-6
6 - (1 + 11 + -4)
-2
Evaluate -17 + 6 + (-4 - -8).
-7
Calculate 7 + 8 + -4 - 5.
6
Calculate 2 + 3 - (31 - 24).
-2
(-6 - 5 - (-5 + -1)) + 4
-1
-5 - (12 - 3 - 9)
-5
Calculate 14 - 4 - (-6 - (-7 - 1)).
8
Evaluate (-3 - (0 + 2)) + (3 - 2).
-4
Calculate (-1 - 2) + 5 + -2.
0
Calculate -3 + (3 - 3 - -6).
3
Calculate 2 + -4 + (-1 - -1).
-2
Evaluate -4 + 9 + (-10 + 4 - -1).
0
Evaluate -3 - (19 - 13) - (0 + -6).
-3
0 + -1 - (-5 - 1)
5
What is the value of -4 + (3 - 2 - -7)?
4
(-7 - (-4 + 4 + -3)) + -1
-5
19 + -12 - (-1 + 9)
-1
Calculate -1 + 2 - (25 + -22).
-2
-3 - ((3 - 2) + -2 + 1)
-3
Evaluate 5 + (0 - -2) + -13 - -4.
-2
What is the value of 4 + -10 + (6 - 1)?
-1
Calculate -12 - -7 - -9 - 9.
-5
What is 3 + (-4 - 3) - (-6 + -2)?
4
Calculate (-6 + 2 - 3) + 6 + -3.
-4
Calculate 11 + -5 + (-3 - 8).
-5
What is the value of (-1 - (10 - 4)) + 8?
1
Evaluate (2 + 0 - 7) + (-1 - -7).
1
Evaluate (-3 - -8) + 1 + -11 + 4.
-1
7 + -5 + -1 - (0 - 0)
1
What is (-1 - (-2 - -4 - -4)) + 4?
-3
Evaluate 4 + 0 + -7 + 3.
0
-8 - (4 - 26) - 8
6
-6 + (4 + -6 - -5)
-3
What is 5 + (6 - (7 + 1))?
3
Calculate 2 + -4 + -1 - (6 + -7).
-2
What is the value of 4 - 8 - 0 - -3?
-1
Calculate 0 + (-6 - (-7 + 3)).
-2
Evaluate -7 - ((4 - 12) + -3 + -4).
8
What is 0 - ((-8 + 12 - -3) + -2)?
-5
Evaluate 3 + 3 + -1 + -1 - 2.
2
Evaluate 2 + 0 - (1 - -4 - 3).
0
What is the value of -2 - (-1 - -3 - (2 - -1))?
-1
Evaluate 3 + (3 - 3 - -4).
7
Calculate (13 - 12) + (-2 - (-1 + -1)).
1
What is -3 - (-2 - -3 - 2)?
-2
What is -4 - -4 - (2 - 1) - 4?
-5
-11 - -6 - (-10 + 2)
3
Evaluate 7 - 0 - (-8 - (-2 - 13)).
0
Evaluate -3 + -1 + 3 - 2.
-3
Calculate 30 - 33 - (1 - 1 - 2).
-1
Calculate (-6 - 2 - (-1 - 13)) + 3.
9
4 + -1 + -3 - 5
-5
What is the value of (1 - -1) + (-7 + -1 - -9)?
3
Calculate 2 + -1 + -7 + 4.
-2
What is 11 + 4 - 11 - 8?
-4
What is -7 + (-1 - 1) + 11?
2
4 + (-2 - (5 - 6))
3
Evaluate -4 + (11 + -8 - (0 - 1)).
0
What is -1 + (20 - 15 - (2 - -5))?
-3
Calculate 2 + (4 - 12) + 4.
-2
What is the value of (-3 - 0 - (1 - 9)) + -4?
1
What is -3 + ((0 - -2) + 4 - 3)?
0
Evaluate 4 + (6 - 13) + (3 - 0).
0
Evaluate -4 - (-3 + (-3 - (2 + -1))).
3
What is the value of 3 - (4 + (-2 - 3))?
4
What is the value of 9 - (-3 - -5 - -6)?
1
Calculate 3 - 0 - (3 - -3).
-3
Calculate -11 - (-6 + -6 - -2 - -4).
-5
What is -10 - 0 - (119 - 121)?
-8
Calculate -2 + 7 + -1 + 2.
6
What is the value of -7 - (-6 + 5 - 5 - 7)?
6
0 - (3 - 5) - -2
4
Evaluate 4 - 15 - (-2 + 5 + -8).
-6
What is the value of -11 + 6 + -2 - -5?
-2
Evaluate -1 - (-6 + (6 - -2) + -8).
5
Calculate (6 - 6) + (7 - 2) + -10.
-5
-6 - -9 - 7 - (-9 - 3)
8
What is 4 - (13 - (0 + 6))?
-3
-2 - (-3 + -17 + 6) - 7
5
Evaluate 1 + -2 + 8 + (-10 - -1).
-2
What is the value of 0 - (0 + -3 + -3)?
6
What is -2 + 4 + 2 - 4?
0
What is the value of 1 + (0 + 0 + 1 - 1)?
1
1 + 6 + (-2 - 5) + -6
-6
Evaluate -2 + 0 + -5 + (1 - -2).
-4
Evaluate (4 - 9) + 4 - 0.
-1
What is the value of 0 + 6 - (3 + 5 - 9)?
7
8 + -8 + -6 + 5
-1
Evaluate (-1 - 1) + -4 + -1 - -7.
0
What is -2 + 9 - (4 + 6)?
-3
What is the value of -2 - (8 + -5 + -3)?
-2
What is 0 + -3 + (0 - -1)?
-2
Calculate (13 - (26 + -4)) + (6 - 1).
-4
Evaluate 5 + 0 + 7 + -3 + -9.
0
What is -16 - -22 - (2 + -1)?
5
What is (-4 - -5 - (3 - 1)) + 3?
2
Evaluate (-2 - (1 - 0) - 0) + 8.
5
What is 5 + -1 + 3 + -3?
4
What is 1 + -4 + (-3 - -2)?
-4
-1 - (2 + -8 + (-2 - -5))
2
Calculate (-7 + 17 - 4) + -5 + 0.
1
Evaluate 5 - (12 + -2 - 5).
0
What is the value of (0 - -2 - 2) + (1 - -3)?
4
Calculate -2 + -3 + 5 - (0 - 4).
4
Calculate -1 - ((4 - 0) + -1).
-4
Evaluate -3 - ((4 - -5) + -19).
7
Evaluate 0 + -1 + (-3 - -2) + 1.
-1
What is the value of -1 + 0 - (6 + -3 + -9)?
5
What is -4 + 2 + -4 + 4?
-2
What is the value of 0 - (0 + -3 + 7) - -1?
-3
What is the value of 3 + (1 - (6 - 4))?
2
8 + -2 - (6 + -4)
4
(-7 - -3) + (1 - -7)
4
Calculate -1 - 12 - -4 - -5.
-4
Calculate -4 + 9 - (4 - -1) - -4.
4
What is -6 + 1 + 12 + -8?
-1
Calculate (-5 - (1 - 6)) + 1 + -5.
-4
Evaluate (0 - (-1 + (2 - 1))) + 2.
2
Evaluate ((-9 - -6) + -3 - -2) + -3.
-7
What is the value of -16 + 12 - (2 + 2) - -5?
-3
Evaluate -11 - (6 + -5 + -6 - -3).
-9
What is 0 - (6 + -5 + 3)?
-4
What is the value of (-7 - -5) + 0 + -4?
-6
What is the value of 7 - (-5 - -3) - 13?
-4
What is (5 - (1 - -1)) + 1?
4
What is 5 + -11 - (-6 - 5 - -4)?
1
Calculate 7 + -7 + 0 + -5.
-5
Evaluate 4 + 7 + -14 - 5.
-8
What is the value of 0 + 2 - (-14 + 20)?
-4
What is